uppose 4*z = -z + i. Calculate the remainder when 7 is divided by z.
1
Suppose -32 = -p - 19. Calculate the remainder when p is divided by 7.
6
Suppose t - 64 = -3*t. What is the remainder when 63 is divided by t?
15
Suppose 69 = 3*v + 4*q - 7*q, -4*q - 16 = 0. What is the remainder when v is divided by 4?
3
Let p(m) = -m**2 - 15*m + 3. Let o(g) = -15*g**3 + 2*g**2 + 2*g + 1. What is the remainder when p(-11) is divided by o(-1)?
15
Let c(r) be the second derivative of -2/3*r**3 + 0 - 7/2*r**2 - 2*r. What is the remainder when c(-5) is divided by 5?
3
Suppose -3*n + 5 + 10 = 0. Suppose 5*b + 65 = n*p, -2*p = p + 2*b - 19. Calculate the remainder when 24 is divided by p.
6
Let o = -9 - -12. What is the remainder when 8 is divided by o?
2
Suppose -5*w + 4*b + 3 = 0, -b = -w - 0*w. Suppose l - 4*m - 25 = 0, w*l + 3*m - 24 = -l. Calculate the remainder when 2 is divided by 1/(2 - l/6).
0
Suppose -3*m - 21 = -6*m. Suppose 3*a - 2*a = -4, 5*d - 2*a - 68 = 0. Calculate the remainder when d is divided by m.
5
Let z = -1 + 48. Calculate the remainder when z is divided by 16.
15
Suppose 28 + 27 = 5*m. Suppose m + 25 = 2*p. Let f = -7 + p. What is the remainder when 21 is divided by f?
10
Calculate the remainder when (-1 - -9)/(-1 + (-13)/(-11)) is divided by 8.
4
Suppose -5*t = -3*s - 15, -5*t - 2*s + 15 = -0*s. Suppose 2*c = t*v - 214, 0 = -0*v - 5*v - 5*c + 390. Calculate the remainder when v is divided by 25.
24
Suppose -2*b + b + 50 = -5*n, 2*n - 115 = -5*b. Calculate the remainder when b is divided by 9.
7
Let g be -1*(-3)/(-3) + 1. Suppose -4*v - 39 + 215 = 4*a, g = v + 4*a - 38. Calculate the remainder when v is divided by 12.
10
Let r = 13 + -7. Suppose 0 = 4*l - 5*l + a + 7, -3*l - a = -5. Let p = 6 - l. Calculate the remainder when r is divided by p.
0
Suppose -6*y = -5*y - 37. Calculate the remainder when y is divided by 22.
15
Suppose 0 = -4*j + 44 - 16. What is the remainder when 42 is divided by j?
0
Let j(r) = r**3 + 3*r**2 - 4*r + 1. Let f be j(-4). Let d be f/(-4) - (-5)/20. Suppose d = -5*w + 2*w + 27. What is the remainder when 26 is divided by w?
8
Let m(r) = 2*r**2 + 24*r + 13. Calculate the remainder when m(-13) is divided by 14.
11
Let i = 9 - 4. Let s be (-76)/(-18) - 4/18. Suppose n = -3*r - 9, 0*n - s*r = 3*n + 7. Calculate the remainder when i is divided by n.
2
Calculate the remainder when 6 is divided by -2 + 1 + 4 - -1.
2
Let b(n) = n**2 - 4*n + 5. Let i be b(4). Suppose -40 = -4*f - 3*v, i*f + 2*v - 31 = 3*v. What is the remainder when 11 is divided by f?
4
Let p(l) = -2*l**2 + 10*l + 4. Let w(o) = 3*o**2 - 15*o - 6. Let u(j) = 8*p(j) + 5*w(j). What is the remainder when 29 is divided by u(3)?
5
Suppose 0 = -3*z + 162 + 54. Suppose -3*q - q = -z. Calculate the remainder when q is divided by 10.
8
Suppose 0 = -5*q - 5*h + 125, 6*q + 3*h = 7*q - 37. What is the remainder when q is divided by 16?
12
Suppose 5*n - 2*k - 12 = 0, 2*k + 4 = n - 0*k. Calculate the remainder when n/(-7) + (-2400)/(-70) is divided by 9.
7
Suppose -4*p + 444 = -0*p. Suppose 0 = 4*g + 5*v - p, -25 + 0 = -g - 4*v. What is the remainder when g is divided by 10?
9
Suppose 4*x + 2*i - 6 = 18, -5*x - 2*i = -28. Suppose -2*g + 5*a = -42, -3*g - 5*a + 29 = -4*a. What is the remainder when g is divided by x?
3
Suppose a = 4*a + 6. What is the remainder when 3*6 + 1 + 0 is divided by 32/3 + a/3?
9
Suppose -4 = -r - 1, -3 = -5*l + 4*r. Suppose -5*d - 2*t + 33 = -4*t, 2*t = l*d - 23. Let z = -90 - -102. What is the remainder when z is divided by d?
2
Suppose 0 = -c - c - 192. What is the remainder when 11 is divided by (-4)/10 + c/(-15)?
5
Let m = -160 - -179. Calculate the remainder when 208 is divided by m.
18
What is the remainder when 41 is divided by -4*1/2 - -24?
19
Suppose 3*p = -p + 456. Suppose 5*a - 126 = -o - o, 5*o = 4*a - p. Calculate the remainder when a is divided by 9.
8
Suppose 4 = -4*w + 16. Suppose 3*y - 108 = 4*g, 3*g + 169 = 8*y - w*y. What is the remainder when 1*y - 3/3 is divided by 11?
9
Let s = -2 - -24. What is the remainder when s is divided by 5?
2
Suppose 2*o - 32 = 10. Let i be (-18)/14 + 6/o. Calculate the remainder when (-20 - i)*(1 + -2) is divided by 10.
9
Suppose -4*n + 29 = d - 20, 113 = 2*d + 5*n. Suppose -10*g + 7*g = -d. What is the remainder when g is divided by 6?
5
Let w(y) = 11*y**2 + 3*y + 4. Calculate the remainder when w(-2) is divided by 15.
12
Let t(u) = 3*u**2 + 26*u - 23. Let p(r) = -2*r**2 - 17*r + 15. Let c(h) = 8*p(h) + 5*t(h). Let i = 4 - 8. What is the remainder when c(i) is divided by 5?
3
What is the remainder when 0 + -2 + 1 + 35 is divided by (3/21*-12)/((-12)/126)?
16
Let u = 41 - 29. Suppose -k + 4*g + 11 = 0, 3*k - u - 37 = -4*g. What is the remainder when 29 is divided by k?
14
Suppose -4 = -2*a + a. Suppose -2*p - 15 = -3*u, a*u + 20 = 8*u. Suppose p = 4*s - 50 + 14. Calculate the remainder when 15 is divided by s.
6
Suppose -r + 1 + 3 = 0. Suppose -5*d - 9 = 2*o + 35, 4*o + 62 = 3*d. Let j = 24 + o. What is the remainder when j is divided by r?
3
Suppose 10*d - 7*d - 33 = 0. What is the remainder when 74 is divided by d?
8
Suppose 5*k = 2*k + 30. Let n be 44/k - (-6)/10. Suppose -c = -n*j - 41 - 13, c - 54 = -5*j. What is the remainder when c is divided by 14?
12
What is the remainder when 69 is divided by ((-108)/10)/((-65)/50 + 1)?
33
Suppose -5*j - 14 = -244. Suppose 2*w - j = -4*o - 0*w, 71 = 4*o - 3*w. What is the remainder when o is divided by 5?
4
Suppose -h + 72 = 3*h. Let g(l) = 10*l. Calculate the remainder when h is divided by g(1).
8
Calculate the remainder when 0 - (-25 + -4 + 7) is divided by 14.
8
Suppose g + 2*g = 60. Suppose -g = 3*q + 1. Let y = q + 16. What is the remainder when 17 is divided by y?
8
Let t(s) = -62*s**3 - 2*s - 1. Let n be t(-1). Suppose -n = -9*m + 6*m. What is the remainder when m is divided by 6?
3
Suppose -33*m + 28 = -31*m. Suppose -6*k = -k - 2*t - 133, 5*t - 5 = 0. Calculate the remainder when k is divided by m.
13
Let q(l) = l**3 - 11*l**2 + 12*l - 8. What is the remainder when 21 is divided by q(10)?
9
What is the remainder when 2/8*2 - 202/(-4) is divided by 1/(-3) - (-492)/18?
24
Let j be (-4)/(-14) + 232/(-28). Let i = j - 3. Calculate the remainder when 38 is divided by 1 + -1 - -2 - i.
12
Let q be -2 + 2 + 4 + -3. What is the remainder when 34 is divided by (-9 + 11)/(q/9)?
16
Let i(a) = -a + 7. Let l be i(8). Calculate the remainder when (l - -1) + 37/1 is divided by 13.
11
Suppose 5*m - m + 12 = 0. Let o(d) = -5 + 3 - 5*d + 3*d. Calculate the remainder when 10 is divided by o(m).
2
Suppose -s + 4*g = -7, 3*g + 10 = s + 2. Calculate the remainder when s is divided by 4.
3
Suppose -64 = 5*p - 13*p. Let z(x) be the first derivative of x**4/4 - 2*x**3/3 - x**2/2 - 3*x - 1. What is the remainder when p is divided by z(3)?
2
Let j = -28 + 40. Suppose -4*t + t + j = 0. Calculate the remainder when 11 is divided by t.
3
Let c(l) = 5*l**2 + 2*l - 3*l**2 - 3*l. Let b be c(2). Calculate the remainder when 45/b - 2/(-4) is divided by 3.
2
What is the remainder when 29 is divided by (20/(-25))/((-4)/50)?
9
Let p(w) = -w**3 - 17*w**2 - 13. Let n(l) = l**2 - l - 1. Let i(b) = 2*n(b) + p(b). Calculate the remainder when 72 is divided by i(-15).
12
Let s = 27 - 10. Suppose -2*a + 36 = 2*a. What is the remainder when s is divided by a?
8
Let o = -2 - -2. Suppose o = 3*h, -2*a + 15 = 3*a + 4*h. Suppose -4*n + 5*n - 5*c = 30, -4*n - a*c = -28. What is the remainder when 39 is divided by n?
9
Suppose -4*z + q = -79, 2*z + 4*q + 14 = 40. Suppose 5*d = -f + z, d - 2 = 3*f - 5*f. Suppose 9*r = d*r + 40. What is the remainder when 15 is divided by r?
7
Calculate the remainder when 22 is divided by (0 - -2)/((-4)/(-16)).
6
Suppose r - 1 = -0. Let b = 12 + -9. What is the remainder when b is divided by r?
0
Calculate the remainder when 55 is divided by 4/(-10) + 1420/50.
27
Suppose -m + 0*h - 21 = 4*h, h = m - 4. Calculate the remainder when 29 is divided by 10*1/(m + 2).
9
Let d be 11 - 1 - 15/5. Suppose 4*m + 66 = d*m. Calculate the remainder when m is divided by 8.
6
Let r = -93 + 169. Suppose -4*o = -3*k - r - 40, 2*o - 4*k - 68 = 0. Let d(z) = 3*z**2 - z. What is the remainder when o is divided by d(-2)?
12
Let u be ((-2)/(-3))/(1/12). Suppose u = -0*g + 2*g. Sup